w) be the first derivative of s(w). Determine v(1).
13
Suppose -5*q = -13*r + 9*r + 14, 2*r + 5*q = 22. Let h(o) = o - 14. Determine h(r).
-8
Let t(x) be the third derivative of -x**5/60 - x**4/4 + 5*x**3/6 - 27*x**2. What is t(-9)?
-22
Let c(s) = 4*s + s - 4*s + 2*s**2 - s**2. Let p(z) = 3*z**2 - 2*z + 9. Let f(d) = 2*c(d) - p(d). What is f(6)?
-21
Let v be 8/(-36) - (-111)/27*2. Let f(g) = -5 + g + 13*g + g. Let q(t) = -10*t + 3. Let c(x) = v*q(x) + 5*f(x). Give c(-1).
4
Let f = 16 + -9. Suppose 2*r + 10 = f*r. Let o(v) be the first derivative of -v**2/2 + 2*v - 7. Give o(r).
0
Let t be (2/(-4))/(202/2020). Let c(q) = 8*q**3 - q**2 + 29*q - 23. Let s(r) = 3*r**3 + 10*r - 8. Let g(l) = 4*c(l) - 11*s(l). What is g(t)?
-9
Let y(j) be the first derivative of -j**3/6 - 5*j**2 - 9*j - 9. Let f(l) be the first derivative of y(l). Give f(-7).
-3
Let a(c) be the second derivative of -c**7/2520 - c**6/240 + c**5/24 - c**4/6 + 7*c. Let n(q) be the third derivative of a(q). Determine n(-7).
-23
Let d(c) = -4*c**2 + 3*c + 6. Let a(g) = -13*g**2 + 10*g + 19. Let k(x) = 2*x - 23. Let p be k(8). Let i(v) = p*d(v) + 2*a(v). Determine i(3).
11
Let z(c) = -2*c**2 - 2*c + 3. Let j(w) = 9*w**2 + 20*w - 3. Let d(g) = -j(g) - 4*z(g). Calculate d(-6).
27
Suppose -4 + 8 = 2*d. Let a(f) = -1 - 3*f + 133*f**2 - 269*f**d + 131*f**2. Give a(-2).
-15
Let p(a) = 2*a**3 - a**2 - 4. Let n(d) = -2*d**3 + 16*d**2 - 15*d + 10. Let l be n(7). Determine p(l).
41
Let y(l) = -2*l**3 + 2*l**2 - 6*l - 4. Let q(c) = 5*c**3 - 7*c**2 + 18*c + 12. Let r(k) = 3*q(k) + 8*y(k). Let f = 34 - 40. Calculate r(f).
4
Let h(j) = j - 7. Let x be 1 + -1 + 1*4. Let u(t) be the first derivative of t**2/2 - 8*t + 218. Let r(z) = x*u(z) - 5*h(z). Give r(-4).
7
Suppose -1 = -2*j - 3*y, -5*y = 27*j - 25*j - 7. Let g(t) = -2*t**2 - 3*t - 10. What is g(j)?
-30
Let h(s) be the second derivative of -s**4/4 + 2*s**3/3 - s**2 + 263*s - 1. What is h(3)?
-17
Let t(n) = n + 2. Let g be t(-4). Let o(k) = -k + 0 - 11 - 1. Let d(m) = -m + 1. Let c(w) = g*d(w) + o(w). Give c(6).
-8
Suppose 2*r = -3*y - 2 + 1, -3*y = 4*r - 7. Let s(z) = r - z**2 - 2*z + z + 14 - 2. Determine s(0).
16
Let g(v) be the second derivative of v**5/20 - 5*v**4/6 + v**3 + 13*v**2/2 + 202*v - 1. What is g(9)?
-14
Let q be 8/8*(2 - 2). Suppose 0*h - h + 4 = 3*m, q = -4*m - h + 7. Let n(z) = -z**3 + 3*z**2 + z + 1. Calculate n(m).
4
Let l(q) be the third derivative of q**5/60 + 3*q**4/8 + q**3/3 + 8*q**2 + 1. What is l(-7)?
-12
Let k(x) be the third derivative of x**6/120 - x**5/12 - x**4/12 + x**3/6 + 56*x**2. Determine k(5).
-9
Let j be 2 + 0 + (2 - 4). Let a(i) = -3*i**3 + 2*i - 1. Let n(g) = 16*g**3 - 11*g + 7. Let h(m) = 11*a(m) + 2*n(m). Determine h(j).
3
Let y(h) be the first derivative of -h**6/360 + h**5/24 + 5*h**4/24 + 22*h**3/3 - 37. Let x(u) be the third derivative of y(u). Calculate x(4).
9
Suppose -7*z + 1 = -48. Let y(i) = 2*i**2 - 8*i + 7. Determine y(z).
49
Let k be ((-2)/9 - 145/(-45)) + 0. Let r(x) = -2*x + 5*x - 6 + x**k + 0*x - 5*x + 5*x**2. Give r(-5).
4
Suppose 0*t + t = 0. Suppose t = -l - 3 - 0. Let r(g) = g. Let x(i) = 2*i. Let m(y) = -5*r(y) + 2*x(y). What is m(l)?
3
Suppose -3*u = -4*u + 3. Let g(o) = 1 - u + 6*o - 78*o**3 + 3*o**2 + 77*o**3. Let y(r) = -r**3 - 5*r**2 - 6*r - 4. Let j be y(-4). Give g(j).
6
Let i(a) = a**2 + 2*a + 3. Let o be i(-2). Let n be (-20)/(30/(-3) + 6). Let p(k) = o*k - 4*k + 1 + n. What is p(5)?
1
Suppose 0 = j + j - 10. Let q = 6 - j. Let c(a) = 3*a**2 - a + 7*a**2 - 22*a**2 + a**2. What is c(q)?
-12
Suppose 6 = -s - 4*a, 2*s + 1 = a + 7. Let c(f) = 0*f - 3 + 5*f - 6*f + f**s. Suppose -3*m + m + 6 = 0. Determine c(m).
3
Let d(s) = -s + 6. Let z be d(0). Let p(m) = 8. Let h(a) = -3*a - 22 + 2*a + 21 + 18. Let w(r) = z*h(r) - 13*p(r). Calculate w(2).
-14
Let d(c) = -c**2 + 815*c + 2*c**2 - 816*c - 2. Give d(3).
4
Let g(w) = -27*w**3 - 30*w**2 + w - 26. Let y(j) = -5*j**3 - 6*j**2 - 5. Let m(l) = -2*g(l) + 11*y(l). Give m(-6).
9
Let f(o) = 53*o**3 - 3*o**2 + 12*o - 24*o**3 - 28*o**3 + 10 - 10*o**2 + 2*o**2. Calculate f(9).
-44
Let w = 401 - 398. Let u(y) be the second derivative of 0 + 1/3*y**w + y + 1/2*y**2 + 7/12*y**4. Determine u(-1).
6
Let w(l) be the third derivative of -17*l**2 + 1/120*l**6 + 1/6*l**3 + 0 + 0*l**4 + 0*l - 1/30*l**5. Calculate w(1).
0
Let v = 959 - 964. Let q(w) = -w**3 - 5*w**2 - 7*w - 4. Determine q(v).
31
Let v(b) = 3*b**3 + b**2 - b + 1. Let j(k) = -5*k - 254. Let f be j(-51). Determine v(f).
4
Suppose 2*m - 6 = -4*n, n = 5*n + 4*m + 4. Suppose -6*b = -n*b - 16. Let a(r) = r - 10. Give a(b).
-2
Let q(f) = f**2 + 2*f - 4. Suppose -v - 4*l = -19, 4*v + 2*l = -3 + 23. Give q(v).
11
Let b = 11 + -8. Suppose 4*v - 19 = -5*z, -5*z = -b*v - 2*v - 55. Suppose h + 1 - z = 0. Let d(s) = s**2 - 7*s - 1. Give d(h).
-7
Let c(y) be the first derivative of y**2/2 + 6*y + 11. Let w(h) = -h - 5. Let k(u) = 5*c(u) + 6*w(u). Determine k(-6).
6
Let l(t) = -2 + 0 - 6*t**2 - 3*t + 4*t**2. Determine l(-2).
-4
Let a(d) = -d + 8. Suppose -3*x - 10 = -4*q - x, 4*x = 4*q - 12. Let u be (1/(-1))/((-1)/q). Let s be (-7 - 5)*(-1)/u. What is a(s)?
2
Let y(c) = -c**3 - 5*c**2 + 2*c. Let d(s) be the second derivative of -s**3/6 + s**2/2 - 4*s. Let f be d(6). Determine y(f).
-10
Let j(z) = 289 + 3*z - 294 + 8*z**2 - 9*z - z**3. Calculate j(5).
40
Let z(j) = -j**3 - 7*j**2 - 8*j - 18. Let n = -112 + 106. Give z(n).
-6
Let n(r) = -8*r - 1. Suppose 82*w + 6 = 79*w. Determine n(w).
15
Let x(f) = -20*f + 5*f**2 - 11*f**3 - 8 + 14*f + 11*f + 10*f**3. What is x(6)?
-14
Let n be 4/12 + 70/42. Let f(j) = -3*j + 2*j**2 - 2*j - 3 + 3*j + 1. Calculate f(n).
2
Let r(c) = 2*c + 1. Let i(p) = -p**3 + 8*p**2 + p - 6. Let l be i(8). Let x be (-12)/21*(-7)/l. Suppose x*w + 2 + 3 = n, -3*w = -n + 5. What is r(n)?
11
Let p(i) be the second derivative of i**5/20 + 7*i**4/12 - i**3/3 - 7*i**2/2 + 135*i. What is p(-7)?
7
Suppose j + x - 509 = -2*j, 2*j - x = 346. Suppose -j*i + 168*i = 3. Let f(h) = 5*h**3. Calculate f(i).
-5
Let b(u) = 5*u - 50. Let k be b(11). Let h(n) = n**2 - 4*n - 7. Determine h(k).
-2
Let o(w) = -w**3 + 5*w**2 + 3*w + 3. Let z(k) be the second derivative of k**4/12 + k**3/2 + 5*k**2/2 + 8*k. Let f be z(0). Give o(f).
18
Let b(a) = 2*a + 14. Let u be b(-11). Let w(n) = -5*n + 10 - n**2 + 0*n - n. Determine w(u).
-6
Let z(v) = -4*v + 4. Let w(o) = -3*o + 5. Let f(h) = 5*w(h) - 4*z(h). Let g(k) = -2*k**2 + 36*k + 31. Let l be g(19). Determine f(l).
2
Let x(v) = -v**2 + 4*v + 2. Let p be x(4). Let j(c) = 2 - 7*c + c**3 + 2 + 0*c**2 + 5*c - p*c**2. Determine j(3).
7
Let z(w) = w - 10. Suppose -3*b - 9 = -3*r, 0 = r - 0*r + 2*b - 3. Suppose -3*q = -4*v + 26, -21 = 3*v - 6*v + r*q. Calculate z(v).
-5
Let t(n) = -n**3 - 5*n**2 + 18*n + 58. Let u be t(-6). Let y(l) = -l**2 - 16*l - 20. Calculate y(u).
8
Let h(d) = d**3 - 5*d**2 - 2. Let v = -13 - -16. Let o be 4 + -1 + v/3. Suppose 28 - 8 = o*f. Give h(f).
-2
Let g = 80 + -75. Let f(m) = m**3 - 5*m**2 + m + 2. Give f(g).
7
Let y be (-6)/10 - (-35)/(-25). Let o be -3*(y/(-6) - 0). Let c be (2 - 2) + (2 - o). Let u(i) = -i**2 + 3*i. Give u(c).
0
Suppose 2*k = 2*n, -2*k = -3*k - 2*n. Suppose k = 3*p - 4*z + 2*z + 25, -4*p + 3*z - 35 = 0. Let w(l) = -2 + l**3 + 6*l**2 + 4 - l + 4*l. Give w(p).
12
Let s(u) = -2*u**2 - 8*u - 9. Let g = -552 - -548. Determine s(g).
-9
Let x(g) = 75*g**3 + 14*g**2 - 30*g + 3148 - 74*g**3 - 3125. Calculate x(-16).
-9
Let u(d) = -d - 3. Let g be u(-5). Suppose 0*x = -g*x + 6. Let n(t) = -5*t**3 + 4*t**3 + 2*t**x - 6 + t**2. Determine n(0).
-6
Let i(s) be the first derivative of -7 + 2/3*s**3 - 1/4*s**4 - s + 3/2*s**2. Suppose 0 = -0*x + 2*x - 6. What is i(x)?
-1
Let w(j) = -j**2 - j + 29. Let m be 156/(-130) - -1*(-24)/(-20). Give w(m).
29
Let k(a) = 21*a + 2. Let i be k(-3). Let b = i - -55. Let h(c) = -c**3 - 6*c**2 + 2*c - 7. Give h(b).
-19
Let h(u) = u**3 + 3*u**2 - 3*u. Let j be h(-3). Suppose d - j = 3. Suppose 2*g - 10 = 3*g - 3*o, 2*o - d = 2*g. Let f(a) = a**2 + 5*a + 6. What is f(g)?
2
Suppose 2*z = -83 + 241. Let y(n) = 3*n**3 - 85*n**2 - 6*n - 2*n**3 + z*n**2. Give y(7).
7
Let a(p) = 3*p**3 - 2*p**2 - 2*p - 1. Suppose -w + 2 = 2. Suppose w = -55*n + 53*n - 2. Determine a(n).
-4
Suppose 2*j + 6 = 0, 2*k + 0*j = -j + 1